1 a prime number?
True
Is 3559363 a prime number?
False
Is 35278597 a composite number?
False
Is 214759 a composite number?
False
Is 25343963 a composite number?
False
Is 27864059 composite?
False
Is 16054567 a composite number?
True
Is 7543531 a composite number?
False
Is 171917 a prime number?
True
Is 15772771 a composite number?
True
Is 128704657 prime?
True
Is 31754003 a prime number?
True
Is 2852099 prime?
True
Is 16731341 composite?
True
Is 99500543 prime?
True
Is 1298579 a prime number?
False
Is 301830211 prime?
True
Is 2564167 a composite number?
True
Is 117268687 composite?
False
Is 62004379 composite?
True
Is 9676426 a prime number?
False
Is 12368651 prime?
True
Is 27345277 prime?
False
Is 2454497 a composite number?
True
Is 3916097851 a composite number?
False
Is 13777097 a composite number?
False
Is 20908117 a composite number?
False
Is 172732037 composite?
True
Is 132291031 composite?
True
Is 31832267 composite?
True
Is 198534841 composite?
True
Is 140797169 composite?
False
Is 115493999 a prime number?
True
Is 1938709 a prime number?
False
Is 5336581 composite?
True
Is 4461559 a prime number?
False
Is 1392311 a composite number?
False
Is 99920891 composite?
True
Is 34871 composite?
False
Is 15713053 a prime number?
True
Is 15304463 a composite number?
True
Is 2691839 a composite number?
False
Is 32608969 prime?
True
Is 3560971 a prime number?
True
Is 30692791 composite?
True
Is 89095459 prime?
False
Is 7599574 a prime number?
False
Is 46841149 a composite number?
True
Is 17136827 a composite number?
False
Is 469503647 a composite number?
False
Is 434909 a composite number?
False
Is 2993923 a composite number?
False
Is 202153837 prime?
True
Is 101490217 composite?
False
Is 2120009 a prime number?
True
Is 185782727 composite?
True
Is 9067393 a composite number?
False
Is 17446883 composite?
True
Is 83599 composite?
True
Is 55232581 a prime number?
True
Is 43542299 prime?
False
Is 5922391 a prime number?
False
Is 252816097 a composite number?
True
Is 15178819 prime?
False
Is 30951353 a prime number?
False
Is 93029561 composite?
False
Is 71485723 a composite number?
True
Is 5915293 prime?
True
Is 1226597699 a composite number?
True
Is 327677507 a prime number?
True
Is 3127699 a composite number?
False
Is 7077667 prime?
True
Is 160589111 composite?
False
Is 1654349 composite?
True
Is 6367057 prime?
True
Is 150469051 composite?
False
Is 2828611 composite?
False
Is 985147 a composite number?
True
Is 1288769 a prime number?
True
Is 27311173 a prime number?
True
Is 7822847 composite?
False
Is 17499689 composite?
False
Is 20322227 prime?
True
Is 12122423 a prime number?
False
Is 5013401 composite?
True
Is 896338 a composite number?
True
Is 1696571 a composite number?
False
Is 810927433 prime?
True
Is 554252579 prime?
False
Is 2864963 a composite number?
False
Is 9308393 a composite number?
False
Is 13353257 prime?
False
Is 59481361 a prime number?
True
Is 9302983 prime?
True
Is 11569183 composite?
True
Is 4245671 prime?
False
Is 419552017 prime?
True
Is 71011813 a composite number?
False
Is 3621677 a composite number?
True
Is 12994297 a prime number?
True
Is 28263421 a prime number?
True
Is 59008993 composite?
True
Is 2564369 a prime number?
True
Is 823535 a composite number?
True
Is 1307689 a prime number?
True
Is 4800569 a composite number?
True
Is 1882301 a composite number?
True
Is 12831809 composite?
False
Is 286094057 composite?
False
Is 5556071 a composite number?
False
Is 28831459 a prime number?
False
Is 519790043 composite?
False
Is 62611387 a composite number?
True
Is 45392093 prime?
True
Is 2333293 composite?
False
Is 6243469 a prime number?
True
Is 44007373 composite?
True
Is 24855169 a prime number?
True
Is 32505793 a composite number?
False
Is 290722891 a composite number?
True
Is 217823911 composite?
False
Is 39641545 composite?
True
Is 14868941 a composite number?
False
Is 46566269 prime?
False
Is 45117667 a prime number?
False
Is 95006209 a composite number?
False
Is 15325847 composite?
True
Is 61566249 a composite number?
True
Is 14779637 a prime number?
False
Is 3429397 prime?
False
Is 2418697 composite?
False
Is 33558229 composite?
True
Is 135237721 a composite number?
True
Is 31029979 prime?
True
Is 13673815 a composite number?
True
Is 745669969 prime?
False
Is 1044289 a composite number?
False
Is 16144493 composite?
True
Is 1597343 a composite number?
True
Is 83273851 a composite number?
False
Is 211733221 prime?
False
Is 74395537 prime?
True
Is 105169 composite?
True
Is 31241269 a prime number?
False
Is 1122973 a prime number?
False
Is 177690857 a composite number?
False
Is 8437937 a prime number?
False
Is 6718667 composite?
False
Is 501439 a prime number?
False
Is 10591387 composite?
True
Is 12259573 a composite number?
False
Is 1732391 prime?
False
Is 341917031 prime?
False
Is 71878969 prime?
True
Is 15345481 composite?
False
Is 8582279 composite?
True
Is 6323491 composite?
False
Is 5297023 a prime number?
False
Is 45703243 composite?
True
Is 163137527 a composite number?
True
Is 24360343 a prime number?
False
Is 5895119 a composite number?
False
Is 278601626 prime?
False
Is 1704299 a composite number?
False
Is 215828749 a prime number?
False
Is 82217 a prime number?
True
Is 7261319 a prime number?
False
Is 142774881 a composite number?
True
Is 410869387 a composite number?
True
Is 5482823 prime?
False
Is 2228867 prime?
True
Is 6729751 composite?
True
Is 29181809 a composite number?
True
Is 1849733 a composite number?
False
Is 438587 a prime number?
False
Is 26816809 a composite number?
True
Is 1629821 a composite number?
True
Is 49125929 a prime number?
True
Is 247727 prime?
False
Is 47173627 prime?
False
Is 382406513 a prime number?
True
Is 35266931 a composite number?
True
Is 59539 a composite number?
False
Is 13616647 a composite number?
True
Is 34950589 a prime number?
False
Is 3240751 a prime number?
True
Is 13469529 a composite number?
True
Is 23387557 a prime number?
True
Is 21494207 a prime number?
False
Is 51818647 a prime number?
True
Is 1561349 a composite number?
False
Is 2423653 composite?
True
Is 10695143 composite?
True
Is 440961799 a composite number?
False
Is 58506997 prime?
True
Is 4499351 a composite number?
False
Is 522451 composite?
True
Is 1002739097 prime?
False
Is 351938987 a prime number?
True
Is 123448579 a prime number?
True
Is 14240089 prime?
False
Is 23616127 a composite number?
False
Is 157452121 prime?
True
Is 43471061 a prime number?
True
Is 445194433 a prime number?
False
Is 2429211 a prime number?
False
Is 3538631 prime?
False
Is 15644093 composite?
False
Is 2058379 prime?
True
Is 76089763 a prime number?
False
Is 332621 composite?
True
Is 91819821 a prime number?
False
Is 337878937 prime?
False
Is 26557 prime?
True
Is 11494241 a prime number?
False
Is 12343283 a composite number?
False
Is 15152609 prime?
False
Is 5191577 composite?
True
Is 786119671 composite?
False
Is 59385358 composite?
True
Is 5247481 prime?
False
Is 70197317 a prime number?
True
Is 20505619 a composite number?
False
Is 133544459 composite?
True
Is 125022781 a composite number?
True
Is 234928703 a prime number?
False
Is 11483117 a prime number?
False
Is 16472965 composite?
True
Is 12510659 a prime number?
False
Is 6249791 composite?
False
Is 98815813 composite?
False
Is 27218635 prime?
False
Is 27182317 a prime number?
True
Is 1142233 a prime number?
True
Is 5887883 composite?
True
Is 283449693 prime?
False
Is 140616071 prime?
True
Is 716977 a composite number?
True
Is 438924965 a prime number?
False
Is 4622311 composite?
False
Is 197304377 a prime number?
True
Is 5703703 a prime number?
False
Is 84576749 a prime number?
True
Is 635749 composite?
True
Is 384083813 prime?
True
Is 13851527 a composite number?
False
Is 20686349 prime?
False
Is 49104751 composite?
False
Is 285771587 prime?
True
Is 969065533 a prime number?
True
Is 15767567 prime?
True
Is 7648882 a composite number?
True
Is 53131591 composite?
False
Is 205918717 prime?
True
Is 5078803 prime?
False
Is 11051009 composite?
True
Is 129609043 composite?
True
Is 1786613 composite?
False
Is 1214039 a composite number?
False
Is 62713549 a prime number?
True
Is 272900171 a composite number?
False
Is 1022807 a prime number?
False
Is 89872721 prime?
Fals